y*-4)/4 - -3) prime?
False
Let w = 9856 - 9510. Is w a composite number?
True
Suppose 0 = 6*t + t - 413. Let k = -65 + t. Is 1*k/(6/(-733)) prime?
True
Let k(c) = 4*c + 165. Let d be k(-37). Suppose -d*z + 13*z + 25324 = 0. Is z a prime number?
False
Suppose k - 22*l - 27253 = -27*l, -109068 = -4*k - 6*l. Is k composite?
True
Suppose m + 900961 = 4*a, 442874 = 5*a - 2*m - 683325. Is a composite?
False
Suppose -5*d = -3*y + 19598, 0*y = 2*y - 3*d - 13067. Let p = -3054 + y. Is p prime?
False
Suppose 6*y - 3*y - 387 = 0. Suppose 18*c - 15*c = y. Let f = 12 + c. Is f prime?
False
Let d(g) = 68395*g**2 - 138*g + 142. Is d(1) composite?
False
Suppose 0 = 3*k - 3, -5*g + 4 - 32 = 2*k. Let p be (g - -6) + (-6)/2. Is (3037/p)/((5/(-15))/1) a composite number?
False
Let a = -401066 + 573977. Is a a prime number?
False
Let p = 7012 - 4988. Let i = 1919 + p. Is i a prime number?
True
Is (641 + 1)*-40691*1/(-42) prime?
False
Let s = -1414 - -6418. Suppose 3777 + s = 3*c. Is c prime?
True
Suppose 10*r = 22*r - 420. Suppose -r*k = -11*k - 504. Is k a prime number?
False
Let r(x) = x**3 + 2*x**2 - 174*x + 2671. Is r(0) composite?
False
Let m = 409544 - -355118. Is m a composite number?
True
Let f(u) be the first derivative of -97*u**2/2 - 89*u + 56. Is f(-28) composite?
True
Let y be (66/(-110))/(2/(-27070)). Let n be (-2 + 4)*(-10)/(-4). Suppose -y = -n*c + 2*c. Is c a composite number?
False
Let u be (2 + -2 - -1450) + (-17 - -16). Suppose -3142 - u = -p. Is p a prime number?
True
Let i be (-32)/(-8)*6/8. Suppose 3*a - i = 9. Suppose -2*c - 3*z = -c - 328, -a*c = -5*z - 1329. Is c prime?
True
Suppose 78*q = 64*q - 14. Let b(x) = -93*x**2 + x + 6. Let f be b(-5). Is (f/(-8)*-2)/(q/1) composite?
True
Let j = 77097 + -39266. Is j prime?
True
Suppose 5*n + 4*o + 0*o = -75, -n - o - 16 = 0. Let y(h) be the second derivative of -31*h**3/6 + 15*h**2 + h. Is y(n) prime?
False
Suppose 4*q = -8*g + 5*g + 2940, -3*g - 2*q = -2934. Suppose 4*r - k - g = 2015, 3*r - 3*k = 2232. Is r composite?
True
Suppose 5*i - 2*i = -4*i + 3367483. Is i a prime number?
False
Let c(v) = 32*v**3 - 25*v**2 + 54*v - 1030. Is c(17) a prime number?
False
Let f(y) = -y**3 + 3*y**2 + 2*y + 40. Let r be f(5). Suppose 0 = b + a - 6*a - 6383, r = 4*b - 5*a - 25592. Is b composite?
True
Suppose -207*v = -242*v + 9572605. Is v composite?
False
Let d(g) = -10*g - 18. Let q be d(-8). Suppose -2*u + q = -50. Suppose -51*v = -u*v + 2435. Is v prime?
True
Let a be (-6 + (-104)/(-14))*-7. Is a/70 - 46663/(-7) - -5 a prime number?
False
Let t(p) = -2166*p - 2. Let s = -24 - -22. Let a be t(s). Let d = a - 1313. Is d prime?
False
Is (1218788/(-12))/((2/15)/((-94)/235)) a prime number?
False
Let c(j) = j**2 + j + 1. Let l(v) = 20*v**2 - 29*v + 5. Let o(h) = 4*c(h) + l(h). Let x(m) be the first derivative of o(m). Is x(12) a prime number?
False
Let w be 3550/12 - (-23)/138. Let u = w - -2643. Is u prime?
True
Suppose -10638374 - 5189031 = -121*a. Is a composite?
True
Suppose 33*w = -34*w - 30*w + 1820011. Is w composite?
True
Let k(z) = -3698*z**2 + 2*z + 1. Let v(o) = o**2 + 1. Let g(j) = -k(j) + v(j). Suppose -9*m - 55 = -64. Is g(m) prime?
True
Suppose -16007 = -30*o + 11563. Is o a composite number?
False
Suppose -2*q + 650 - 1874 = 0. Let o = q - -2251. Is o prime?
False
Let l be (12/(-14))/(2/(-21)). Is l*1/3 + 5076 a prime number?
False
Let c be -2 + (-4 - -8)*3. Let g be ((-2148)/c)/((-11)/275). Suppose 2582 + g = 5*m - v, -5*v = 2*m - 3197. Is m a prime number?
False
Let q be 80/11 - (-192)/(-704). Let w(t) = -t**3 + 4*t**2 + 6*t - 1. Let a be w(5). Suppose a*f - q*f = -597. Is f a composite number?
False
Suppose -4*i - 1154 = 2*l + l, 5*i - 2*l = -1431. Let z be 6/(-4) + (i/2)/(-1). Suppose 5*d + 3*j - 114 = z, 9 = -3*j. Is d a prime number?
True
Let b = 1455 + -508. Let x(v) = -628*v**2 - 7*v - 5. Let c be x(-1). Let r = c + b. Is r prime?
False
Suppose -78 = -5*p + 3*p + 5*w, -5*p = 3*w - 133. Suppose 0 = -p*t + 42*t - 835523. Is t a composite number?
False
Let u(y) = 237*y**2 + 627*y + 61. Is u(-45) prime?
True
Let w(q) = 80*q**2 - 90*q + 4499. Is w(53) prime?
True
Is (-5 + 110/20)/((-9)/(-2163978)) prime?
False
Suppose -15*x + 64 = 17*x. Is 3/x*(37166/6 + 1) a composite number?
False
Suppose -6148*i - 8116043 = -6161*i. Is i a prime number?
True
Let i(m) = m**2 + 17*m - 4. Let k be i(-17). Let o be 17995/25 + k/(-20). Let z = o - 43. Is z composite?
False
Let d(o) = 5534*o + 1003. Is d(14) a composite number?
False
Let u = -41 + 51. Let o = 7060 + -2955. Suppose -u*r = -22515 + o. Is r a composite number?
True
Let p = 135676 - 68673. Is p composite?
False
Let c(x) = 182*x**2 - 6*x - 1. Suppose -28 = -3*q - 5*i, 0 = -2*q - 0*i - 2*i + 20. Let m be 1 + (11 - q) + 8/(-2). Is c(m) composite?
True
Let m(o) = -16*o + 37. Let s be m(2). Suppose 0 = -4*x - 4*j + 244, s*j = 5*x + 7*j - 299. Is x a composite number?
False
Suppose 43232 = 6*s + 13364. Let m = s + 1311. Is m a composite number?
True
Suppose 17*h - 6*h = 4215871. Is h composite?
False
Let b = -950922 - -1428683. Is b a prime number?
False
Let s(o) = -83*o**3 - 13*o**2 - 88*o - 70. Is s(-4) composite?
True
Is (-15 - (-61)/4)/(1/423716) a prime number?
True
Let s be (-54)/(-14) + 2/14. Suppose -s*l = -5 - 3, -n + l = 22. Let x = 129 - n. Is x composite?
False
Suppose -26*o = 103429 - 568283. Is o a prime number?
False
Suppose -5*c - 4*w + 81448 = -87823, -67718 = -2*c - 4*w. Is c a prime number?
True
Let b(u) = 7*u**2 - 12*u + 406. Is b(-27) a composite number?
True
Suppose 6*b = 185 + 175. Suppose -b = 16*j - 21*j. Suppose 11017 = -j*n + 44845. Is n prime?
True
Suppose 212495 = 5*w + 5*x, 0*w - 212491 = -5*w - 6*x. Is w prime?
False
Suppose -t = 0, 2*c + 4*t = -10 + 4. Let v = c - -9. Let g(a) = 7*a**3 - 6*a**2 + 3. Is g(v) composite?
True
Suppose 2*t + 2*g = 160916, -17*g = 3*t - 16*g - 241370. Suppose -121*c + 113*c = -t. Is c prime?
False
Suppose 3*y + 2*r - 2728 = 16079, 2*r = y - 6261. Suppose p + 3133 = -2*b, 4*b = -2*p + p - y. Let a = 2258 + b. Is a a composite number?
False
Let o(u) = -339*u + 48. Let w be o(-9). Suppose 2*a - w = 5*m, -16*a + 2*m = -11*a - 7695. Is a composite?
True
Let g = 603 - 409. Let d(p) = -p**2 + 7*p - 8. Let x be d(7). Is ((g/x)/((-13)/364))/1 composite?
True
Let u(o) = 33*o**3 - 4*o**2 - 8*o - 4. Let l be u(6). Suppose -4*x + 4366 = 2*t, 0 = -4*x - t - 2561 + l. Is x a prime number?
False
Is (126118/(-4))/((-68)/136) prime?
True
Is -3 - 3248/42*(-57762)/24 composite?
False
Let s(l) = -2*l + 177*l**3 - 93*l**3 - 2*l**2 - 102*l**3. Let g be s(-1). Is (-2 - (-8402)/4)*12/g prime?
True
Let l(z) = -2352*z + 65. Is l(-3) a prime number?
True
Let k(l) = -805815*l**2 + 14*l + 805806*l**2 - 23 + 8 - l**3. Suppose -3*a - a = -2*n - 26, -a = -n - 13. Is k(n) a prime number?
True
Let f(v) = 61*v**3 - 6*v**2 - 5*v + 13. Suppose -20*s + 52 = -8. Is f(s) composite?
True
Let w(m) = -m**3 - 7*m**2 - 5*m - 40. Let n be w(-7). Is 1/(107202/(-21441) - n) composite?
True
Let n = 324 + -485. Let p = 361 + 17. Let i = n + p. Is i prime?
False
Let u = -14 - -15. Let z be (u - -1)/(-8) - (-5)/4. Is 0 - z*(-471 + 4) a prime number?
True
Let t(a) = 22*a**2 + 24*a + 19. Suppose 0 = -q - 13 - 8. Is t(q) composite?
True
Suppose 227769 = 4*v - 5*a, -1021*v = -1019*v - 3*a - 113885. Is v a composite number?
False
Let t = 28 + -26. Suppose -12081 = -t*p + 3539. Suppose 5*m + 3*o - p = 0, -3*m = m - 5*o - 6211. Is m a composite number?
False
Let p be (-5)/5*(-3 - -4). Is p*(-15122 - 4 - -5) a prime number?
True
Suppose -3*d - 2*o + 4 = 0, -o - 16 = -5*d - 2*o. Suppose -4*m = -c - 1066, 6*m - d*c - 1327 = m. Is m a prime number?
False
Is 47/(58/435 + 547/(-4215)) prime?
False
Suppose 4*g + n - 7180 = 10955, 4*n + 9054 = 2*g. Is (-2)/(g/907 - 5) a composite number?
False
Suppose -15*g + 204 = -19*g. Let j = -51 - g. Suppose 6*o - 12*o + 1164 = j. Is o composite?
True
Suppose -8*f = 2*f - 21*f + 299629. Is f prime?
True
Let h(c) = 286*c**3 + 8*c**2 - 65*c + 27. Is h(10) a prime number?
False
Is ((-7515)/(-360))/((-2)/(-1328)) prime?
False
Let g = -269 - -122. Let l be 3 + 1 - g/(-7). Let b(z) = z**2 + 10*z + 22. Is b(l) a prime number?
False
Let r(o) be the first derivative of -o**3/3 - 11*o**2/2 - 6*o + 13. Let d be r(-9). Let c(v) = 